{"id":4,"date":"2016-01-13T12:05:35","date_gmt":"2016-01-13T11:05:35","guid":{"rendered":"http:\/\/vdn-sas.fr\/?page_id=4"},"modified":"2018-03-05T10:39:18","modified_gmt":"2018-03-05T09:39:18","slug":"vracs-du-nord","status":"publish","type":"page","link":"https:\/\/vdn-sas.fr\/","title":{"rendered":"Vracs du Nord"},"content":{"rendered":"<p>Depuis le 1er juillet 2013, le R\u00e8glement Europ\u00e9en des Produits de Construction (Construction Products Regulation , en abr\u00e9g\u00e9 CPR), qui remplace la Directive des Produits de Construction, devient de pleine application.<\/p>\n<p>Un des \u00e9l\u00e9ments cl\u00e9s du CPR est la d\u00e9claration des performances (\u00ab\u00a0DoP\u00a0\u00bb pour Declaration of Performances) \u00e0 r\u00e9diger par le fabricant et dans lequel le fabricant, outre les donn\u00e9es d&rsquo;identification du produit, de ses usages pr\u00e9vus et du niveau d&rsquo;attestation de conformit\u00e9, indique les performances de son produit. Il s&rsquo;agit donc d&rsquo;un engagement du fabricant sur les propri\u00e9t\u00e9s du produit.<\/p>\n<p>Selon l&rsquo;article 7 du CPR, le fournisseur de mat\u00e9riaux doit fournir cette DoP en principe avec chaque livraison, soit sous forme papier, soit sous forme \u00e9lectronique. Cette obligation de transmission de DoP \u00e0 l&rsquo;utilisateur final incombe aussi aux n\u00e9gociants\/distributeurs qui sont sens\u00e9s retransmettre cette DoP \u00e0 chacun de leurs clients par livraison ou enl\u00e8vement.<\/p>\n<p>Entre-temps la Commission Europ\u00e9enne a adopt\u00e9 un r\u00e8glement d\u00e9l\u00e9gu\u00e9 qui accepte que les d\u00e9clarations de performances soient mises \u00e0 disposition sur un site internet accessible en permanence et gratuitement.<\/p>\n<p>Conform\u00e9ment \u00e0 ce dernier r\u00e8glement d\u00e9l\u00e9gu\u00e9 et tout en garantissant les meilleures conditions de transmission des DoP tant \u00e0 ses propres clients qu\u2019aux consommateurs finaux (clients des n\u00e9gociants\/distributeurs), trouvez ici l\u2019ensemble des DoP des produits que nous commercialisons.<\/p>\n<p>&nbsp;<\/p>\n<p><img loading=\"lazy\" decoding=\"async\" class=\"alignnone wp-image-103 size-medium\" src=\"https:\/\/vdn-sas.fr\/wp-content\/uploads\/2018\/03\/sac_ciment_25kg-191x300.png\" alt=\"\" width=\"191\" height=\"300\" \/>\u00a0\u00a0<img loading=\"lazy\" decoding=\"async\" class=\"alignnone wp-image-104 size-medium\" src=\"https:\/\/vdn-sas.fr\/wp-content\/uploads\/2018\/03\/sac_ciment_35kg-191x300.png\" alt=\"\" width=\"191\" height=\"300\" \/><\/p>\n<p>&nbsp;<\/p>\n<p><strong>D\u00e9clarations des performances<\/strong><\/p>\n<p><a href=\"https:\/\/vdn-sas.fr\/wp-content\/uploads\/2018\/03\/DoP_VDN_C_CEMIIBM325R_0333CPRC2910_fr.pdf\" rel=\"\">DoP_VDN_C_CEMIIBM325R_0333CPRC2910_fr<\/a><\/p>\n<p><a href=\"https:\/\/vdn-sas.fr\/wp-content\/uploads\/2018\/03\/DoP_VDN_C_CEMIIBM325R_0333CPRC2710_fr.pdf\" rel=\"\">DoP_VDN_C_CEMIIBM325R_0333CPRC2710_fr<\/a><\/p>\n<p><a href=\"https:\/\/vdn-sas.fr\/wp-content\/uploads\/2018\/03\/DoP_VDN_C_CEMIIBLL325R_0333CPRC101105_fr.pdf\" rel=\"\">DoP_VDN_C_CEMIIBLL325R_0333CPRC101105_fr<\/a><\/p>\n<p><a href=\"https:\/\/vdn-sas.fr\/wp-content\/uploads\/2018\/03\/DoP_VDN_C_CEMIIBL325R_0333CPRC4305_fr.pdf\" rel=\"\">DoP_VDN_C_CEMIIBL325R_0333CPRC4305_fr<\/a><\/p>\n<p><strong>Fiche technique<\/strong><\/p>\n<p><a href=\"https:\/\/vdn-sas.fr\/wp-content\/uploads\/2018\/03\/FT_RF_C_2B3R_VDN_2018.pdf\" rel=\"\">Fiche technique Rochefort<\/a><\/p>\n<p><a href=\"https:\/\/vdn-sas.fr\/wp-content\/uploads\/2018\/03\/FT_HE_C_2B3R_VDN_2018.pdf\" rel=\"\">Fiche technique H\u00e9ming<\/a><\/p>\n<p><a href=\"https:\/\/vdn-sas.fr\/wp-content\/uploads\/2018\/03\/FT_LU_C_2B3R_VDN_2018.pdf\" rel=\"\">Fiche technique Lumbres<\/a><\/p>\n<p><a href=\"https:\/\/vdn-sas.fr\/wp-content\/uploads\/2018\/03\/FT_CBM_C_2B3R_VDN_2018.pdf\" rel=\"\">Fiche technique CBM<\/a><\/p>\n<p><strong>Fiche\u00a0de Donn\u00e9es S\u00e9curit\u00e9<\/strong><\/p>\n<p><img loading=\"lazy\" decoding=\"async\" class=\"alignnone wp-image-118\" src=\"https:\/\/vdn-sas.fr\/wp-content\/uploads\/2018\/03\/quick-fds-300x143.png\" alt=\"quick-fds\" width=\"245\" height=\"119\" \/><\/p>\n<p>Retrouvez l&rsquo;ensemble de nos Fiches de Donn\u00e9es de S\u00e9curit\u00e9 sur le site <a href=\"http:\/\/www.quickfds.com\/fr\/index.html\" target=\"_blank\">Quick FDS<\/a>.<\/p>\n<p>&nbsp;<\/p>\n<p>&nbsp;<\/p>\n","protected":false},"excerpt":{"rendered":"<p>Depuis le 1er juillet 2013, le R\u00e8glement Europ\u00e9en des Produits de Construction (Construction Products Regulation , en abr\u00e9g\u00e9 CPR), qui remplace la Directive des Produits de Construction, devient de pleine application. Un des \u00e9l\u00e9ments cl\u00e9s du CPR est la d\u00e9claration des performances (\u00ab\u00a0DoP\u00a0\u00bb pour Declaration of Performances) \u00e0 r\u00e9diger par le fabricant et dans lequel [&hellip;]<\/p>\n","protected":false},"author":1,"featured_media":0,"parent":0,"menu_order":0,"comment_status":"closed","ping_status":"closed","template":"","meta":{"footnotes":""},"class_list":["post-4","page","type-page","status-publish","hentry"],"_links":{"self":[{"href":"https:\/\/vdn-sas.fr\/index.php\/wp-json\/wp\/v2\/pages\/4","targetHints":{"allow":["GET"]}}],"collection":[{"href":"https:\/\/vdn-sas.fr\/index.php\/wp-json\/wp\/v2\/pages"}],"about":[{"href":"https:\/\/vdn-sas.fr\/index.php\/wp-json\/wp\/v2\/types\/page"}],"author":[{"embeddable":true,"href":"https:\/\/vdn-sas.fr\/index.php\/wp-json\/wp\/v2\/users\/1"}],"replies":[{"embeddable":true,"href":"https:\/\/vdn-sas.fr\/index.php\/wp-json\/wp\/v2\/comments?post=4"}],"version-history":[{"count":15,"href":"https:\/\/vdn-sas.fr\/index.php\/wp-json\/wp\/v2\/pages\/4\/revisions"}],"predecessor-version":[{"id":124,"href":"https:\/\/vdn-sas.fr\/index.php\/wp-json\/wp\/v2\/pages\/4\/revisions\/124"}],"wp:attachment":[{"href":"https:\/\/vdn-sas.fr\/index.php\/wp-json\/wp\/v2\/media?parent=4"}],"curies":[{"name":"wp","href":"https:\/\/api.w.org\/{rel}","templated":true}]}}